4, what is 130312210212 + 22?
130312210300
In base 8, what is 5322406 + -11?
5322375
In base 5, what is 3102033 - 33442?
3013041
In base 3, what is 112012222121 + -2020010?
112010202111
In base 14, what is 3 - -13b365b?
13b3660
In base 5, what is -3 + -11030144124?
-11030144132
In base 9, what is -4 + -14160773?
-14160777
In base 11, what is -25 - 7546a5?
-75471a
In base 12, what is 34aa5 - 130?
34975
In base 4, what is -21 + 33012013322?
33012013301
In base 10, what is -1 + 756601?
756600
In base 7, what is -1312465433 - -2?
-1312465431
In base 4, what is -1130 - -120003110?
120001320
In base 13, what is 7 + -141c0b09?
-141c0b02
In base 5, what is 320 + 214124112?
214124432
In base 2, what is -1001110000 + 1101111110110101?
1101110101000101
In base 3, what is 12211102 - 1020200021?
-1000211212
In base 4, what is 1022 + 3311101?
3312123
In base 12, what is -2827a8 + 37?
-282771
In base 4, what is 1 - -2032131122300?
2032131122301
In base 12, what is 176990 - 2b?
176961
In base 4, what is 11110311 - -2111?
11113022
In base 8, what is -10354503 + 30?
-10354453
In base 16, what is f8c2 - -4?
f8c6
In base 9, what is -14886557 - 3?
-14886561
In base 16, what is 3a3 - -99824?
99bc7
In base 4, what is 2110 + 13013133200?
13013201310
In base 16, what is 12 - 7abc3e?
-7abc2c
In base 8, what is 120 - -4303215?
4303335
In base 10, what is -3 + 99525?
99522
In base 5, what is -3113301 + -34103?
-3202404
In base 15, what is 2d7c - 4b5?
28b7
In base 9, what is -744706 - -47?
-744648
In base 15, what is 29b + 96cec?
97098
In base 8, what is -727667 - -3637?
-724030
In base 16, what is 1372d + -8b?
136a2
In base 2, what is 11111010111001010110100011 + 100?
11111010111001010110100111
In base 14, what is -787 + 5a695?
59d0c
In base 15, what is -14 - -2399e?
2398a
In base 11, what is 126 - 171849?
-171723
In base 16, what is -17581aad + 5?
-17581aa8
In base 14, what is -9 + -58dcb4?
-58dcbd
In base 9, what is 346 + -7741726?
-7741370
In base 15, what is -5 + -515927?
-51592c
In base 9, what is 8 + 13266577?
13266586
In base 5, what is 2221212201 - -1434?
2221214140
In base 6, what is 2415303151 - -15?
2415303210
In base 14, what is 150 - -10a520?
10a670
In base 11, what is -5981 + -1357?
-7228
In base 15, what is -b7d + -83eb9?
-84b47
In base 6, what is 24 + -31342550?
-31342522
In base 4, what is -10 - 123311233132?
-123311233202
In base 8, what is -4370673 - -35?
-4370636
In base 11, what is -33a0 + 4289?
999
In base 9, what is -18 + -3886401?
-3886420
In base 6, what is 1050425513 - -44?
1050430001
In base 5, what is -3334 + -340220?
-344104
In base 8, what is -5 + -10654050?
-10654055
In base 12, what is 9b7 - 93631?
-92836
In base 4, what is 20300101 + 10021?
20310122
In base 8, what is -40267 + -64367?
-124656
In base 4, what is -2303030230330 - -123?
-2303030230201
In base 8, what is -17766271 - 1?
-17766272
In base 4, what is 311 - -320011210?
320012121
In base 15, what is 68a6d3 + 3?
68a6d6
In base 4, what is 2100122301 + -1003?
2100121232
In base 11, what is 3306372 + -2?
3306370
In base 14, what is -3 + -2668d8?
-2668db
In base 2, what is -101110111100001100010000011 + -111?
-101110111100001100010001010
In base 4, what is 1133331202 + -102?
1133331100
In base 3, what is -111100200012200 + 1?
-111100200012122
In base 11, what is -457 - 550727?
-551083
In base 16, what is 163097 - 5e?
163039
In base 16, what is a6bb + 2c5?
a980
In base 6, what is -402112530 + -3?
-402112533
In base 9, what is -404866 + 71?
-404785
In base 2, what is 1100011010001000100110001 + -1100?
1100011010001000100100101
In base 8, what is 3344 - -640?
4204
In base 4, what is 12 + -1221030300020?
-1221030300002
In base 15, what is -206 + 18c0?
16b9
In base 8, what is -1744 - -45446?
43502
In base 13, what is -cb1c0 - -6a2?
-ca81b
In base 16, what is 5 - 5aa881?
-5aa87c
In base 5, what is -21323204 + 4244?
-21313410
In base 14, what is 1a1dc3c5a + 5?
1a1dc3c61
In base 3, what is -11 - 100210111122211?
-100210111122222
In base 8, what is -3555573 + 103?
-3555470
In base 7, what is -36416 - 122235?
-161654
In base 7, what is 53 + 35504?
35560
In base 7, what is 1040 - 1550526?
-1546456
In base 5, what is 112012 - -1224322?
1341334
In base 9, what is 434220350 + -5?
434220344
In base 10, what is -1776049 + -42?
-1776091
In base 3, what is -212 + 111201020220?
111201020001
In base 7, what is -104154641 + -2?
-104154643
In base 15, what is 8 - -14a9614?
14a961c
In base 10, what is -49 + 28195?
28146
In base 11, what is -65359460 - 2?
-65359462
In base 5, what is -2122241340 - 100?
-2122241440
In base 11, what is 251 + -8970?
-871a
In base 9, what is 335245 + -57?
335177
In base 2, what is -101111101100011 + -100100111001011?
-1010100100101110
In base 13, what is 1 - 1669134?
-1669133
In base 6, what is -2414433420 + 3?
-2414433413
In base 9, what is 116771 - 386?
116374
In base 11, what is -55 - 5a8059?
-5a8103
In base 13, what is -8b6 + -1592?
-2178
In base 9, what is 276604 - -120?
276724
In base 15, what is 5178468 - 1?
5178467
In base 14, what is -4a5a9 - 44?
-4a60d
In base 7, what is 2 - -1233261315?
1233261320
In base 8, what is 4675 + 4570?
11465
In base 8, what is 22330 + 131?
22461
In base 8, what is -7363 - -226354?
216771
In base 2, what is 100100000010100000 - 10110100100?
100011101011111100
In base 12, what is 7406a1 - -2?
7406a3
In base 4, what is 2332221200 - -11?
2332221211
In base 15, what is -13b4d1 + -6?
-13b4d7
In base 14, what is 2d + -9216b?
-9213c
In base 14, what is 37 + 4b625?
4b65c
In base 13, what is -24762 - 14c?
-248b1
In base 3, what is 2000012110 - -11022?
2000100202
In base 11, what is 6 - 931573?
-931568
In base 14, what is -ad2a42 + 13?
-ad2a2d
In base 16, what is 2b7 + 38fd6?
3928d
In base 2, what is -111101100 - -100110111001101?
100101111100001
In base 6, what is 1102 + -243242?
-242140
In base 13, what is -a92 - -1256?
494
In base 9, what is 5 + 2187868?
2187874
In base 9, what is -4378 + 12585?
7206
In base 5, what is -2203200 + 222?
-2202423
In base 2, what is -110011 - -101101000010000100?
101101000001010001
In base 7, what is -145456631 - 3?
-145456634
In base 3, what is 122011111 + 222210210?
1121222021
In base 12, what is -1 - 656b508?
-656b509
In base 9, what is 30 - 8341726?
-8341686
In base 15, what is -2d - 20b25?
-20b53
In base 3, what is 102 + 122101000201110?
122101000201212
In base 4, what is -132022302 + 301?
-132022001
In base 14, what is -39b - -787b4?
78417
In base 11, what is -2175 + 5a1?
-1684
In base 2, what is 1 - -1011011001110110110001011?
1011011001110110110001100
In base 11, what is -230235 + -1697?
-231921
In base 15, what is -c495eb + 8?
-c495e3
In base 2, what is -101100 - -110110101100000111?
110110101011011011
In base 14, what is -607297b - 5?
-6072982
In base 3, what is -122112212101120 + 2?
-122112212101111
In base 12, what is -1 - -a82b732?
a82b731
In base 4, what is -232023 + -10022012?
-10320101
In base 4, what is -21322 - 233133?
-321121
In base 7, what is -2 + -210306545?
-210306550
In base 2, what is 101111000100110101010110 + -11?
101111000100110101010011
In base 12, what is -19a1466 - -a?
-19a1458
In base 9, what is 651767 - 1?
651766
In base 3, what is -212020 + -1011021122?
-1012010212
In base 14, what is cd3 - -2051?
2d44
In base 16, what is 64d154 + -17?
64d13d
In base 3, what is 10 - -22221000120212020?
22221000120212100
In base 5, what is 1 - -122022323?
122022324
In base 8, what is 2704 + 23375?
26301
In base 3, what is -22011110021220 - -12102?
-22011110002111
In base 2, what is -101 - -111001011111111101111?
111001011111111101010
In base 8, what is 1177 + 6430?
7627
In base 4, what is 1 - -13200200021?
13200200022
In base 13, what is 99 - -3637a?
36446
In base 12, what is -5 + -17a297b7?
-17a29800
In base 12, what is 0 + 22b89a3?
22b89a3
In base 5, what is 1004313034411 + 1?
1004313034412
In base 15, what is -6 - 106da0?
-106da6
In base 6, what is -444523 + -24041?
-513004
In base 7, what is 304 - 1452651?
-1452344
In base 5, what is 104414044 - 2324?
104411220
In base 2, what is 100000001001001000010001101 - 1?
100000001001001000010001100
In base 14, what is -4095a88 + -17?
-4095aa1
In base 8, what is 1253 + 62215?
63470
In base 10, what is 2533719 + 3?
2533722
In base 5, what is -12303020424 - 